mon divisor of d and 141?
47
Let k be ((-6)/14)/(3/(-63)). Calculate the greatest common factor of 135 and k.
9
Let f be 12099/11 + (-11)/(-121). What is the greatest common divisor of f and 44?
44
Let a(q) = -6*q - 55. Let t be a(-10). What is the greatest common factor of t and 3?
1
Let t = -18 - -22. Let x be ((-16)/10)/((-4)/30). Calculate the highest common factor of x and t.
4
Suppose -5*y = -2*y - 42. What is the greatest common factor of 182 and y?
14
Let d(f) = 3*f**3 - 5*f**2 + 6. Let i be d(3). Let x = -10 - -16. What is the greatest common divisor of i and x?
6
Let l(p) be the third derivative of p**6/120 - p**5/10 + p**4/6 + 2*p**3/3 + 24*p**2. Let m be l(6). Calculate the highest common factor of m and 196.
28
Suppose 106*m - 78*m = 50176. Calculate the greatest common factor of 16 and m.
16
Let j(h) = -5*h - 2. Let o be j(-7). Calculate the greatest common factor of o and 363.
33
Let d(k) = k**3 - 22*k**2 + 82*k - 35. Let z be d(19). Calculate the highest common divisor of z and 20.
20
Let r = -258 + 260. Calculate the highest common divisor of r and 6.
2
Let n be 7 + (-11)/2 + 159/6. Calculate the greatest common factor of n and 4.
4
Let a(s) = -s - 3. Let j be a(-6). Suppose k - 5 = 5*v, j*v - 21 = -0*k + 3*k. Let d be (38/4)/(k/(-20)). What is the greatest common divisor of 38 and d?
19
Suppose -5*i + 765 = 5*y, -3 = -y + 2. Calculate the greatest common factor of i and 37.
37
Let y = -74 - -103. Suppose -5*o = -4*j - 164, y = 4*o + 4*j - 95. What is the highest common factor of o and 12?
4
Suppose 2*d = -3*d + 855. Let x(m) = -m**2 - 10*m + 10. Let s be ((-29 + 2)/(-3))/(-1). Let b be x(s). Calculate the greatest common divisor of d and b.
19
Suppose 26*s - 801 = 135. What is the greatest common factor of 12 and s?
12
Let q be 1300/6 + (-132)/9 + 14. What is the highest common divisor of 270 and q?
54
Let f = 141 + -29. Calculate the greatest common factor of f and 14.
14
Let z be 62*(3/1 - (-46 + 26)). What is the highest common divisor of z and 62?
62
Suppose y - 6*y - 5*x + 420 = 0, -336 = -4*y + 2*x. Let s be -12*(-3 + -1 + 3). Calculate the highest common divisor of y and s.
12
Suppose w = -2*h - 2*h - 4, 5*w + h + 58 = 0. Let d be -24*(56/w + 4). What is the greatest common factor of 144 and d?
16
Let y = -819 - -1137. What is the greatest common factor of y and 265?
53
Suppose 4*q - d - 1743 = 0, -d - 105 = 3*q - 1421. What is the greatest common divisor of q and 38?
19
Let f(a) = -2*a**3 + 4*a**2 - 4*a + 3. Let h be f(2). Let o(p) = p**2 - 8*p + 7. Let l be o(h). What is the highest common factor of 18 and l?
18
Suppose s - 2345 = t - 892, -4*t + 4380 = 3*s. What is the greatest common factor of s and 112?
112
Let h(l) = -2*l**2 - 45*l + 25. Let y be h(-23). Suppose 0 = 3*v + 3*x - 3, -v + 6*x - 2*x = -6. Calculate the greatest common divisor of y and v.
2
Let c be (4/18 + (-2)/9)/(-2). Suppose -780 = -5*v - c*v. Calculate the highest common factor of v and 39.
39
Let k be -18*(60/(-105) - 69/14). What is the highest common factor of 18 and k?
9
Let x be ((-12)/2 + 10)*106. What is the greatest common divisor of 53 and x?
53
Let a(v) = -131*v - 174. Let w be a(-8). What is the highest common divisor of 38 and w?
38
Let h = -178 - -192. Suppose -3*a - 3*r = r - 348, -4*a + 2*r = -442. Calculate the highest common divisor of a and h.
14
Let u = 12 + -5. Let n(s) = 2*s**2 - 13*s + 13. Let k be n(u). What is the highest common factor of k and 160?
20
Suppose -4*r = -4*a - 2*r + 18, -4*r - 3 = 3*a. Let t(h) = 5*h**3 + 5*h**2 - 7*h + 9. Let p be t(a). What is the highest common factor of 21 and p?
21
Suppose -4*v + 74 = 3*p, -11 - 17 = -p - 2*v. Let q be 5/(-1)*52/(-10). Let n be 5 + -3 + 2*q. Calculate the highest common divisor of n and p.
18
Suppose 0*k + 10*k - 330 = 0. Suppose 0 = -31*l + k*l - 36. What is the greatest common factor of l and 63?
9
Let x(w) = -w + 17. Let h be x(15). Suppose 0 = -2*p - k + h, 5*k + 5 = -5*p. What is the greatest common factor of 9 and p?
3
Suppose -n + 10 = 4*n. Suppose k + n*k = -159. Let c = 123 + k. What is the greatest common divisor of c and 10?
10
Suppose -330 = -5*d + 2*d. Let n(f) = f**3 - 5*f**2 + f + 5. Let k be n(5). Calculate the greatest common factor of k and d.
10
Let b(f) = 2. Let x(a) = a + 3. Let s(y) = 4*b(y) - 6*x(y). Let m be s(-11). What is the greatest common divisor of 8 and m?
8
Let w be 8/12 - 2/3. Suppose 3*z - 105 = -5*a, 2*a = -z - w*z + 41. Suppose 5*d + 0 - 5 = 0, 2*l - 3*d - 33 = 0. Calculate the highest common factor of a and l.
18
Let p(s) = -s**2 + 12*s + 9. Let x be p(0). Calculate the highest common factor of x and 72.
9
Let z(u) = -u**2 + 10*u + 8. Let t be z(8). Let x be 50/8 - (-18)/t. Calculate the highest common factor of 56 and x.
7
Let n(r) = r**3 - 28*r**2 + 75*r + 47. Let b be n(25). Calculate the highest common divisor of 188 and b.
47
Let x(t) = t**3 + 7*t**2 + t + 13. Let k be x(-7). Let q be (28 - -41) + -4*1 + 1. Calculate the highest common factor of q and k.
6
Let c be (70/8)/(-7) + (-37881)/(-244). Let p = -52 - -79. Suppose -15 - p = -3*q. Calculate the highest common factor of q and c.
14
Let j be (-30 - -2)*(-308)/112. What is the greatest common factor of 693 and j?
77
Suppose 3*r - 20 = 7. Let b = r - -18. Calculate the highest common divisor of b and 243.
27
Let u be 72/60 + (-238)/(-10) + -3. Let v be ((-1 - 0) + 0)*-1. Let z be 6/(v*(-2)/(-11)). What is the greatest common factor of z and u?
11
Let x(f) = 5*f**3 + f**2. Let y be x(1). Let h(g) = g - 1. Let m be h(y). Suppose 0*t - 15 = -m*t. What is the highest common divisor of 2 and t?
1
Let q(j) = -j**3 - 14*j**2 - 40*j - 12. Let i be q(-11). Calculate the greatest common divisor of 52 and i.
13
Let d = -378 - -438. What is the highest common factor of 2 and d?
2
Suppose -12 = 5*v + 148. Let d be (v/(-20))/((-4)/(-10)). Let j(o) = 7*o**2 + o - 4. Let k be j(d). What is the greatest common factor of 14 and k?
14
Suppose -8*d + 67 = -109. Let y be 2 + -4 + (d - -1). Calculate the highest common divisor of y and 168.
21
Let l be (0 + 1)/((-1)/38*-2). What is the highest common divisor of l and 779?
19
Suppose -7*n - 77 = -0. Let x(g) = g**3 + 10*g**2 - 13*g + 1. Let a be x(n). What is the highest common divisor of a and 230?
23
Let a = -528 - -531. Let t = 28 + -13. Calculate the highest common divisor of a and t.
3
Let l = -41 - -50. Suppose 8*t = 4*t + 16. Suppose -t*u + 43 + 65 = 0. Calculate the greatest common factor of u and l.
9
Let r(b) = -2*b**2 - 23*b + 2. Let q be r(-11). Let k be (1 + -2)/((-4)/(-276)). Let w = k - -121. What is the greatest common divisor of w and q?
13
Suppose 36*z - 32*z - 44 = 0. Suppose 0 = z*r - 13*r + 14. What is the greatest common divisor of r and 7?
7
Suppose l + 4*l - 240 = -5*t, 0 = -2*l + 6. Let u be (-1)/5 + 9/t. Suppose o = -u*o + 22. What is the highest common factor of o and 66?
22
Let b = 581 + -561. What is the greatest common divisor of 620 and b?
20
Let x(c) = 21*c - 15. Let w be x(5). Calculate the greatest common divisor of w and 10.
10
Suppose -45*b - 8*b + 212 = 0. Suppose 0*u + 2*u - 4 = 0. Suppose -2 = u*d + 5*w, 0 = d + w - 6*w - 14. Calculate the greatest common divisor of b and d.
4
Let w(j) = -5*j + 67. Let f be w(22). Let n = 7 - f. Calculate the highest common factor of n and 350.
50
Let f = 239 - 215. Calculate the greatest common divisor of 8 and f.
8
Let h(g) = -172*g - 3. Let x be h(-2). Let r = -221 + x. Suppose 7*f = -33 + 201. What is the highest common factor of f and r?
24
Let t = -18 - -12. Let q = t - -11. Suppose q*b = -0*b + 125. What is the greatest common divisor of b and 25?
25
Suppose -18*i + 216 = -15*i. What is the highest common factor of 90 and i?
18
Let f = -343 - -345. Calculate the greatest common divisor of 17 and f.
1
Let f be ((-5)/3)/(7/21). Let r(q) = -4*q + 2. Let b be r(f). Suppose -2*u - 3*s + 147 = 0, u + 3*s - 86 = -s. What is the highest common factor of b and u?
22
Let f = 106 + -43. Let b be 3/(-1 + (-4)/(-2)). Suppose w + 0*w + 8 = b*g, -39 = -2*w - 5*g. What is the greatest common divisor of f and w?
7
Let g(k) = 10*k**3 - 2*k**2 + k. Let c be g(1). Suppose -2 = y - 3, y + 134 = 3*q. What is the greatest common divisor of c and q?
9
Let j(i) = 53*i. Let a be j(3). Let z 